 = 0. What is the remainder when f is divided by 2?
0
Let z(i) = -9*i**2 - 56*i - 5. Calculate the remainder when 90 is divided by z(-6).
6
Let l be (5/3)/(2/144). Suppose -10*w = -8*w - l. Suppose -2*u = 2*j - w, -5*u = 1 - 6. What is the remainder when j is divided by 16?
13
Let l(p) = p**3 + 9*p**2 + 12*p + 9. Let k(n) = -n**2 - 6*n. Let i be k(-7). Calculate the remainder when 68 is divided by l(i).
22
Suppose 9*o - 103 - 185 = 0. What is the remainder when 94 is divided by o?
30
Suppose -20*p + 1995 = 15*p. What is the remainder when p is divided by 15?
12
Let k(r) = r**3 - 7*r**2 + r - 1. Let n = 18 - 11. Let w be k(n). Suppose w*l + 0*l - 30 = 0. Calculate the remainder when 18 is divided by l.
3
Suppose 225 = 3*o + 2*o. Let b(x) = 2*x**3 + 91*x**2 - 49*x - 114. Calculate the remainder when o is divided by b(-46).
21
Suppose -5 = -4*g + 3*r, -38*g + 39*g - 5*r = -20. Let m = -5 + 16. What is the remainder when m is divided by g?
1
Suppose 2*d + 5 = -45. What is the remainder when (3 - 5) + 54 - 7 is divided by (-195)/d + 1/5?
5
Let h(v) = -v**2 - v + 10. Suppose -k + 21 + 11 = 0. Let a = 69 - k. What is the remainder when a is divided by h(0)?
7
Let b = 37 + -22. Let u = 1093 + -1084. What is the remainder when b is divided by u?
6
Let u = 1431 - 1416. What is the remainder when 283 is divided by u?
13
Suppose -j - 2*g = -0 - 7, 3*g = 0. What is the remainder when -3 - -13 - (1*-3 - -2) is divided by j?
4
Suppose -a + 5*a + 40 = 0. Let j = 10 + a. Suppose 2*s - 1 - 63 = j. What is the remainder when s is divided by 17?
15
Let o = -19 + 14. Calculate the remainder when (-4)/(-12) - o/(15/62) is divided by 11.
10
Let g = 21 - -318. Calculate the remainder when g is divided by (114/(-1))/(16 + -18).
54
Let f(w) = -w - 12. Let b be f(-6). Calculate the remainder when 30/(-1)*(4 + -6 - -1) is divided by 4/b + 50/3.
14
Suppose 3*g - 3*i = 5 + 589, 0 = -5*g + 3*i + 984. What is the remainder when g is divided by 54?
33
Let r(l) = 6*l**2 + 5*l + 13. Calculate the remainder when 131 is divided by r(-2).
23
Let o = 9 + 25. Suppose 57 = 4*n + 3*a, -a - 4*a + 75 = 5*n. What is the remainder when o is divided by n?
10
Suppose 6 = c + 20. Let l be -2*(c/4 - -2). Suppose 0 = -l*v + 3*j + 126, 5 = v + j - 37. What is the remainder when v is divided by 11?
9
Suppose 7*h - 4*h - 201 = 0. Suppose 543 = 3*r + 2*d, 5*r = -4*d + 675 + 228. Let f = -169 + r. Calculate the remainder when h is divided by f.
11
Suppose -2*n - 67 = -1015. Let h be (-1)/(-8) - n/(-48). What is the remainder when (-11 + h)*(1 - 30) is divided by 16?
13
Let c be 12/(-9)*6/4. Suppose u - 9 = -0*u. Calculate the remainder when (c/(-3))/(5/((-1050)/(-4))) is divided by u.
8
Suppose -3*a - a = -4*l - 12, 2*l - 3*a = -11. Suppose -15 = -5*r, j + r + 39 = l*j. What is the remainder when j is divided by (-11)/(-2 + 2 + -1)?
9
Suppose 2*g + 11*f - 1448 = 9*f, -g = -f - 724. Calculate the remainder when g is divided by 28.
24
Let u be (-1 + 2)/((-2)/22). Let t be (u/3)/(3/(-54)). Suppose -t - 68 = -2*r. Calculate the remainder when r is divided by 23.
21
Calculate the remainder when 77 is divided by (20/14)/(14/196).
17
Suppose 7 = 5*y - 18. Let j be 8 - ((-35)/y + 3). Calculate the remainder when 62 is divided by j + -14 - 30/(-2).
10
Let u = -9 + 95. Let a(v) = 2*v**2 - 6*v - 7. What is the remainder when u is divided by a(-3)?
28
Let l be 16086/21 - (-4)/1. Suppose -l + 250 = -10*i. What is the remainder when i is divided by 73/4 - 3/12?
16
Let n(o) = -12*o - 8. Let t be n(-6). Let z = t - 40. Calculate the remainder when 68 is divided by z.
20
Let c(n) = 92*n + 813. Calculate the remainder when c(-6) is divided by 38.
33
Suppose -4*o + 207 = 5*m + 57, -2*o - 120 = -4*m. Calculate the remainder when 119 is divided by m.
29
Let q = -25 - -115. What is the remainder when q is divided by 13?
12
What is the remainder when 554 is divided by 36/60 - -1*77/5?
10
Let p(t) = 3*t**3 + t + 1. Suppose -5*z + 2*d = -9 - 17, 4*z = d + 19. Suppose -3*y - 2 = -z*y. Calculate the remainder when p(y) is divided by 7.
6
Suppose 5*r - 5*u - 330 = 0, -r - 2*u = 3*u - 54. Suppose -2*y + y + 23 = 0. What is the remainder when r is divided by y?
18
Let l = -644 - -663. Calculate the remainder when 227 is divided by l.
18
What is the remainder when (-1 - -392) + 5 + 7 is divided by 14?
11
Suppose v - 3*h = -0*h + 13, 5*v = 5*h + 45. Let a = 971 + -967. What is the remainder when v is divided by a?
3
Suppose 27*z - 130 = 22*z. Suppose 1 = 2*y + 3*j, 1 = y - 4*j - 5. Suppose 0 = -2*q - y*q + 404. Calculate the remainder when q is divided by z.
23
Let v(l) = -l**3 - 5*l**2 + 5*l - 5. Suppose 0 = -2*p - 12*p + 42. Calculate the remainder when p is divided by v(-6).
0
Let s(u) be the third derivative of 11*u**4/24 + 19*u**3/2 + 26*u**2. What is the remainder when s(0) is divided by 6?
3
Suppose -5*d - 5 = 5. Let u(s) = -s**3 + s**2 + s + 2. Suppose 43 = -4*q + 3*b + 111, b = -3*q + 64. Calculate the remainder when q is divided by u(d).
8
Suppose 341 + 79 = 30*r. Calculate the remainder when 152 is divided by r.
12
Let h(i) = -i**2 + 8*i - 4. Let m be h(7). Suppose 4*j + m*f + 111 = -0*f, -f - 5 = 0. What is the remainder when 16 is divided by 36/j + 14/4?
0
Let s(r) = 172*r**3 - r**2 + 3*r - 2. Let b be s(1). Suppose -11*k + 279 = -b. What is the remainder when k is divided by 14?
13
Suppose 0 = 3*u - 8*u - b + 181, 0 = 4*u + 4*b - 148. Suppose -u*s - 48 = -40*s. Calculate the remainder when 225 is divided by s.
9
Let t(c) = -c**2 - c + 78. Let w = 3 + -3. Let d(i) = i**3 + 15*i**2 - 5*i - 55. Calculate the remainder when t(w) is divided by d(-15).
18
Suppose -b + 0*b = -4. Suppose -13 = -5*p - 2*r - 39, b*r = 5*p + 38. What is the remainder when (-1 - p)*(-124)/(-10) is divided by 13?
10
Suppose 708 = 2*l + 2*l. Calculate the remainder when l is divided by 45.
42
Suppose 22*k = 544 + 1392. What is the remainder when k is divided by 19?
12
Let a(v) = -10*v - 19. Let n be a(-8). Let w = -41 + n. Calculate the remainder when 78 is divided by w.
18
Suppose f - 2*f + 16 = 3*q, 0 = -2*f - 4*q + 28. Suppose 3*r = -340 + 1048. Suppose f*l = 14*l - r. What is the remainder when l is divided by 15?
14
Suppose 3*b + 2*o - 203 = 0, -49*o + 48*o + 1 = 0. What is the remainder when 334 is divided by b?
66
Suppose 5*h = 47 + 38. Let v(p) = -5*p - 3. Let i be v(-2). Suppose 4*c = 27 - i. What is the remainder when h is divided by c?
2
Let w = -2 - -68. Let x = 125 - w. Let d(i) = 10*i. What is the remainder when x is divided by d(1)?
9
Suppose -2*a = -2, -4*a = 5*g - 2*g + 50. What is the remainder when 1/3 + (0 - 2028/g) is divided by 29?
26
Suppose -9 - 16 = -4*l - x, 10 = l + x. Suppose l*z - 16*z = -187. What is the remainder when 65 is divided by z?
14
Let x = -23 - -83. Calculate the remainder when x is divided by 9.
6
Let s(l) = -2 - 7*l + 3*l**2 + 2*l**2 - 6*l**2 + l. Let n be s(-6). Calculate the remainder when 48 is divided by 17*(n + -3 + 6).
14
Let y(z) = 5*z - 15. Let b = 9 + -2. Let q = 0 - -58. Calculate the remainder when q is divided by y(b).
18
Suppose -217*p - 111 = -218*p. What is the remainder when p is divided by 28?
27
Let f(c) = 5 - 12 - 22 + 3*c. Calculate the remainder when 41 is divided by f(17).
19
Let h be (2/(-2))/(-3 + 62/21). Suppose -3 = -4*z + h. What is the remainder when 39 is divided by z?
3
Let j(b) = 2*b**2 + 17*b - 62. Let u(z) = 20*z**2 + 2*z + 1. Calculate the remainder when u(2) is divided by j(-12).
19
Let s = -727 + 746. Let i(c) = c**2 - 5*c - 10. What is the remainder when i(9) is divided by s?
7
Let l(v) = 3*v**2 - 9*v + 6. Let i be l(6). Let x = i - 33. What is the remainder when 103 - (0/4 - 4) is divided by x?
26
What is the remainder when 2 + (78 + -5 - -6) is divided by 10?
1
Let v(w) = -w**2 + 22*w - 7. Let c be v(16). Suppose -4*o = -2*o - 6, -a + 3*o + c = 0. Calculate the remainder when a is divided by 20.
18
Let b be -3*(-4)/4*(-52)/(-6). Suppose 0 = b*a - 25*a - 19. What is the remainder when 47 is divided by a?
9
Let l be (-84)/(12/4) + 4. What is the remainder when 53 is divided by 5/(15/12) - l?
25
Suppose 3 = 2*n - i, 4 = 2*i + 2. Suppose n*o - 4*o = c - 5, -3*c - 29 = -5*o. What is the remainder when o is divided by 4?
0
Let s(t) = t**2 + 12*t - 28. Let g be s(-19)